of c.
67427
List the prime factors of (1 - 23)/((-7)/(-63)*21/(-994)).
2, 3, 11, 71
Suppose -8*k + 3*k + 365 = 0. Let f(s) = -5*s + 93. Let y be f(11). Let j = k - y. List the prime factors of j.
5, 7
Let x = 123029 - 80501. What are the prime factors of x?
2, 3, 443
Let v be 384 + ((-4)/4)/((-4)/16). Suppose -189 - v = -m. List the prime factors of m.
577
Let j = -3548 - -6436. What are the prime factors of j?
2, 19
Let k be 12/54 - (-395)/45. List the prime factors of (-36)/(-162) - (-466)/k.
2, 13
Let t(f) = -f**3 - 13*f**2 + 152*f + 525. List the prime factors of t(-20).
3, 5, 19
Let d(f) = f**3 - 20*f**2 - 16*f + 69. Let c be d(21). Suppose 0 = c*x - 185*x + 18227. What are the prime factors of x?
1657
Suppose n + 4*l = -8, -n - l - 3 = -1. What are the prime factors of 362 + (n - (7 - 5))?
2, 3, 5
Suppose d + 3*l = -6, -10*l - 8 = 3*d - 6*l. Let y = 560 + -233. Suppose -2*m = 4*j - 5*m - y, d = -2*j - 2*m + 160. What are the prime factors of j?
3
Let z = -10157 + 21423. List the prime factors of z.
2, 43, 131
Let k = -19483 - -34518. List the prime factors of k.
5, 31, 97
Let f be 48/(-120) - 94/(-10). Suppose -f*i = -l - 10*i + 39, -69 = -2*l + i. What are the prime factors of l?
2, 3
Suppose -602*p = -623*p + 38892. List the prime factors of p.
2, 463
Let f be (-706)/(1 + (5 - 5)). Let n = -82 - f. What are the prime factors of n?
2, 3, 13
Suppose 2*o - 5*m - 98310 = 0, 9*o - 5*o = -m + 196642. What are the prime factors of o?
2, 5, 1229
Let o(b) = 8*b**2 + 5*b - 7. Let g be o(-7). Suppose 0 = -2*y - 464 - 34. Let t = y + g. List the prime factors of t.
101
Suppose 1 + 5 = 2*g. Suppose -2*w = 4*d - 200, d - g = 1. Suppose -4*x + 277 = c, w = -2*x - 2*c + 238. What are the prime factors of x?
2, 17
Let k = -7356 - -17999. What are the prime factors of k?
29, 367
Let o be 2/(-13) - 186/(-26). Suppose 98 + 147 = o*z. Suppose -40*d = -z*d - 470. What are the prime factors of d?
2, 47
Let p(a) = 8*a**2 + 195*a + 6097. List the prime factors of p(-27).
2, 7, 17
Let i(y) = -3208*y + 7900. What are the prime factors of i(-12)?
2, 7, 1657
Let z be ((-1720)/(-6))/(-16 - (-1136)/72). List the prime factors of (0 - z/(-12))/((-3)/6).
5, 43
Let r(s) = 38 + 32 + s**2 + 8 + 6. Let z(p) = p - 3. Let y be z(3). List the prime factors of r(y).
2, 3, 7
Let d(y) = 20*y - 126. Let r be d(-20). Let f = r - -1139. What are the prime factors of f?
613
Let y = -1068 + 4141. List the prime factors of y.
7, 439
List the prime factors of (-2*(-9 - -11) - 1)/((-2)/70).
5, 7
Let w(p) = 72*p**2 - 2. Let v be w(-2). Suppose -c + 183 = 353. Let q = c + v. List the prime factors of q.
2, 29
Suppose -c + 2*r = 5, 0*c + c + 4*r - 25 = 0. Let w = 695 + 124. Suppose -169 = c*h - w. List the prime factors of h.
2, 5, 13
Let v be (167/(-1))/((-2)/6). Let k be 35/10*(564/(-8) + 1/2). Let u = k + v. What are the prime factors of u?
2
Suppose 0 = 5*k + 2*v - 9 - 13, k = -v + 2. Let h(l) = l**2 - 5*l. Let a be h(k). Suppose -910 = -a*w - 4*w. What are the prime factors of w?
7, 13
List the prime factors of 144/84*-7 + (21788 - -5).
23, 947
Suppose 3*g = -11*i + 6*i + 946, 4*i - 632 = -2*g. Suppose -7*q = -g - 262. List the prime factors of q.
2, 41
Let n(g) = 16*g + 60. Let h(z) = -z. Let q(d) = -3*h(d) + n(d). What are the prime factors of q(15)?
3, 5, 23
Let w(j) = 16*j + 11. Let i be w(-5). Suppose 2*k = -d - 36, -4*k = -9*k + 3*d - 90. Let c = k - i. What are the prime factors of c?
3, 17
Let h = -8585 + 14617. List the prime factors of h.
2, 13, 29
Let l = 43262 - 30699. What are the prime factors of l?
17, 739
Suppose 0 = -r - h + 9 - 2, 34 = 4*r - 2*h. Suppose 4*k = -4*z - 12, z - 6*k + 2*k = -r. List the prime factors of z/6 - (-3020)/30.
2, 5
Let c = 44 + 3524. What are the prime factors of c?
2, 223
Suppose -5*f = 5*g - 5, 5*g + 3*f - 4*f = 29. What are the prime factors of (((-20)/12)/g)/((-5)/11790)?
2, 3, 131
Suppose z - 24 = 4*h, -4*z - h - 3*h = 4. What are the prime factors of 12/z + (-1323)/(-9)?
2, 3, 5
Suppose 0 = 7*d + 319 - 25. Let t be (-8)/(-2) - d - (3 - 0). Let g = 92 - t. What are the prime factors of g?
7
Let d = -55 - -181. List the prime factors of d/27*729/6 - 1.
2, 283
Let l(j) = -3*j**2 - 7*j - 52. Let u(y) = y**2 + 2*y + 17. Let g = -49 + 51. Let z(d) = g*l(d) + 7*u(d). What are the prime factors of z(7)?
2
Let m(n) = 314*n**3 + 57*n**2 - 82*n - 33. What are the prime factors of m(6)?
3, 23117
Let c(w) = 4*w**3 + 166*w**2 - 22*w + 24. List the prime factors of c(-41).
2, 67
List the prime factors of 1*(42/18)/((-3)/9) + 35129.
2, 17, 1033
Suppose 5*r = -3*d + 73167 + 104, -58633 = -4*r + 3*d. List the prime factors of r.
2, 229
Let d(n) be the first derivative of 16*n**2 - 57*n + 47. List the prime factors of d(7).
167
Let h(f) = -f**2 + 3*f + 4 - 2*f - 3*f + 1. Let q be h(-3). Suppose 2*k + 160 = q*x, 5*x = -0*x + 4*k + 396. List the prime factors of x.
2, 19
Let j = 24883 + 52551. List the prime factors of j.
2, 7, 5531
Let r(x) = x**3 + 41*x**2 - 105*x + 26. List the prime factors of r(-13).
3, 13, 157
Suppose 2*d + 0*d = -16. Let v be -1 - ((3 - 2) + d). Suppose 688 = v*q + 2*q. What are the prime factors of q?
2, 43
Let i(y) = -y**3 - 19*y**2 + 58*y - 25. List the prime factors of i(-34).
67, 229
Suppose a - 6*a + 1135 = 0. Suppose -a + 22 = -5*f. What are the prime factors of f?
41
Let p(n) = 68*n - 1634. What are the prime factors of p(81)?
2, 13, 149
Suppose -20 = -4*u - m, 2*u - 3*m + 4*m = 10. Suppose 4*q = u*y + 87, -q + 3*y + 24 = 4*y. What are the prime factors of q/(-46)*16*(-1 + -1)?
2
Suppose 18*c + 3*c = 1596. What are the prime factors of c?
2, 19
Let g(d) = 2979*d + 773. What are the prime factors of g(7)?
2, 11, 983
Suppose 6*b = -3*b + 16794. Suppose -5*c + 4*i = -4658, -c + 3*c - 3*i = b. What are the prime factors of c?
2, 3, 5, 31
Let g = 281 + -287. What are the prime factors of (5 - 448/(-6)) + (-2)/g?
2, 5
Let l(q) = -q**2 + 21*q - 16. Let o be l(19). Suppose o*i = 20*i + 712. List the prime factors of i.
2, 89
Suppose -25946 = -4*j - 3*q, -92*j + 96*j = -4*q + 25944. List the prime factors of j.
2, 811
Suppose 0*b + 6*b - 66 = 0. Suppose -2950 = -b*h + 2770. List the prime factors of h.
2, 5, 13
What are the prime factors of 320664/(-651)*(-21)/(-18)*(-330)/4?
2, 5, 11, 431
Let d = 51 - 50. Let m(k) = -2*k**2 + 3*k + 14. Let l(t) = -t**2 - t - 1. Let c(s) = d*m(s) - 3*l(s). What are the prime factors of c(-8)?
3, 11
Let a = -31 + 36. Suppose -5*b + 1461 = -a*j + 26, -b = j - 295. List the prime factors of 3/(-15) + b/5.
2, 29
Let l(v) be the second derivative of v**4/4 - v**3/3 + 14*v. Let m be l(8). What are the prime factors of (-9 + 6)*m/(-3)?
2, 11
Let y = 436 - 431. Suppose y*p + 3851 = 4*g, -3*g - 2*p + 2874 = -p. What are the prime factors of g?
7, 137
Let q = 23959 - 16224. What are the prime factors of q?
5, 7, 13, 17
Let i = 723 + -531. Suppose i = m - 5*r, 4*m - 319 = 2*r + 539. What are the prime factors of m?
7, 31
Suppose 3*g = 6*k - 6954 - 37722, -2*k = 2*g - 14904. What are the prime factors of k?
2, 7, 19
Let b(l) = -l**2 + 22*l + 171. Let w be b(28). Suppose 7*k - 3552 = w*k. List the prime factors of k.
2, 3, 37
Suppose -2*b + 14*b = 360. What are the prime factors of (1146/b*5)/1?
191
Suppose 12*z - 206 - 142 = 0. Suppose z*d - 32*d = -969. What are the prime factors of d?
17, 19
Suppose -s = 5*j - 190997, 58*j - 76378 = 56*j - 3*s. What are the prime factors of j?
38201
Suppose -36*n - 72*n = -35*n - 4640172. List the prime factors of n.
2, 3, 5297
Let o be (-410)/(-246) + 17486/6. Let i = o + -1947. What are the prime factors of i?
3, 17, 19
Let s(x) = 39*x - 1. Let r be s(5). Suppose -r*n = -201*n + 2975. What are the prime factors of n?
5, 17
Let j = 34761 + -17649. What are the prime factors of j?
2, 3, 23, 31
Let m be (-44)/(-6) - 36/108. Suppose m*g = -10*g + 10727. List the prime factors of g.
631
Let d be (-8)/(-3) - ((-1)/3 - -1). Suppose -5*u = -d*u + 4*p - 1742, 2304 = 4*u - 4*p. List the prime factors of u.
2, 17
Let z = -14395 - -23737. What are the prime factors of z?
2, 3, 173
Let s(t) = 15*t**2 - 5*t**2 + 5 - 6*t**2 + 24*t - 2*t**2. Let f be s(-16). Suppose 0 = -2*m - a + f, -363 = -5*m - 4*a - 32. List the prime factors of m.
67
Suppose 0 = 41*b + b - 69468. What are the prime